at is the tens digit of b(w)?
6
Let f(x) = -10*x + 52. Let m be f(5). Suppose -m*o = 2*w - 288, -2*w = -o - 381 + 108. What is the hundreds digit of w?
1
What is the tens digit of 2/(18/31365) - 1?
8
Let w(m) = m + 9. Suppose 5*y - 2 = -52. Let r be w(y). What is the tens digit of (-52)/(1 + -2 + r)?
2
Let h be (-3 - 107/(-7)) + 4/(-14). Suppose 0 = h*d + 2*d - 1918. What is the tens digit of d?
3
Let p be (-434)/(-4 + (0 - -2)). Suppose f + 5*c - p = 0, -4*c + 137 = -f + 372. What is the hundreds digit of f?
2
Let o be (6/4)/(1/2). Suppose -o*p = c + 2*c - 51, 5*p - 5*c = 135. Let x = 44 - p. What is the tens digit of x?
2
Let c(i) = -3*i - 35. Let z be c(-15). Suppose -4*a + 2338 = z*a. What is the hundreds digit of a?
1
Let d = 22 + -15. Suppose d*l = l + 438. What is the units digit of l?
3
Suppose 5*q + 4*v - 20 = 0, 0 = 2*q + v + 3*v - 8. Suppose -a - 446 = -4*z + q*a, -3*a + 348 = 3*z. Let w = z - 46. What is the units digit of w?
8
Let k be ((-1)/(-3))/((-4)/(-48)). Suppose 0 = k*n + 5*h - 535 - 448, 0 = -2*h - 2. What is the tens digit of n?
4
Suppose o + 11 = 17. Let h = -6 + o. What is the tens digit of (h + -2 - -6)*4?
1
Let p = 704 - 404. What is the hundreds digit of p?
3
Suppose -5*f = q - 12, 10 = 6*f - f. Let h be (-1)/((-3)/84) - q. Suppose 49 = 3*m - h. What is the units digit of m?
5
Let l = -3169 + 5980. What is the hundreds digit of l?
8
Suppose 3*z + 287 = -250. Let q = z - -258. What is the tens digit of q?
7
Suppose 711 = m + 5*n, 7*n - 2*n = 3*m - 2173. What is the tens digit of m?
2
Suppose 202 = 2*g + 2*m, -2*g - 3*m = -7*g + 529. Let p = 72 + g. What is the hundreds digit of p?
1
Let l(x) = -x**3 - 10*x**2 - 22*x - 25. What is the tens digit of l(-8)?
2
Let p = 2472 + -1116. What is the tens digit of p?
5
Let k(c) be the third derivative of -3*c**4/8 - 5*c**3/6 - 11*c**2. What is the tens digit of k(-5)?
4
Let o = -1764 - -2540. What is the tens digit of o?
7
Suppose 0 = -5*l - 15, 2*l = 2*z - 5*z + 6. Suppose 70 = z*y + y + 5*d, -25 = -2*y - 5*d. What is the tens digit of y?
1
Let t be 8/6*15/(-2). Let q = t + 11. Suppose 3*f - 42 = -4*n, 4*f + n = q + 68. What is the tens digit of f?
1
Suppose 159 = -16*f + 13*f. Let t = -45 + 19. Let k = t - f. What is the tens digit of k?
2
Suppose -4*k = -0*k - 2740. Let u = k + -459. What is the tens digit of u?
2
Let w(y) = 200*y - 5. What is the hundreds digit of w(2)?
3
Suppose 652 = -3*r - 3*g + 3442, r - 930 = g. What is the hundreds digit of r?
9
Let z = -16 - -21. Let f be z + -2 - (-29 - -4). Suppose f = -5*p + 163. What is the units digit of p?
7
What is the hundreds digit of -6*(-21)/(-6)*118/(-3)?
8
Let g(p) = -6*p**3 - 4*p**2 - 2*p - 3. Let t(u) = 12*u**3 + 7*u**2 + 3*u + 5. Let c(v) = -7*g(v) - 4*t(v). Let b = -6 + 5. What is the units digit of c(b)?
5
Suppose 2*a = -0*a + 4*a. Suppose a = i - 29 + 1. What is the units digit of i?
8
Let n(a) = -a**3 + 7*a**2 + 4*a + 5. Let f(x) = -x**3 + 7*x**2 + 4*x + 4. Let l(h) = 3*f(h) - 2*n(h). Let i be (-2)/2*-5 - -2. What is the units digit of l(i)?
0
Let x(g) = g**3 - g**2 + 2*g - 6. Let u be x(2). Suppose 0*w - 4*w + u*t = -140, -5*w - 3*t + 164 = 0. What is the units digit of w?
4
Let n = 8966 - 4848. What is the hundreds digit of n?
1
Suppose -w - 6*p = -8*p - 10, -w + 3*p + 15 = 0. Suppose 4*z + 5*j - 763 = 0, z - 4*z - 5*j + 571 = w. What is the units digit of z?
2
What is the units digit of (468/(-12))/(3/(-9)) - 4?
3
Let i(a) = 2*a**3 + 22*a**2 - 2*a - 3. Let z be i(-10). Let y = 465 - z. What is the hundreds digit of y?
2
Let o(v) be the third derivative of v**5/20 + 7*v**4/12 - 11*v**3/3 + 21*v**2. What is the units digit of o(-12)?
2
Suppose -4*n - 385 = 2*t - 5*t, 265 = 2*t - n. What is the hundreds digit of t?
1
Let g = 50 - 23. Let b = g - 8. What is the tens digit of b?
1
What is the tens digit of ((-35)/(1050/(-760)))/((-4)/(-138))?
7
Suppose 4*q + 29322 = 13*q. What is the thousands digit of q?
3
Let i(j) be the first derivative of 2*j**3/3 - 13*j**2/2 - 15*j - 24. What is the units digit of i(13)?
4
Suppose 2*l - 3*l + 8 = 0. Suppose t + l = 4. What is the units digit of (-3 + 17/(-4))*t?
9
Suppose -5*t - 15 = 0, -3*t = h + 2*t + 15. Let p be (h - -5)/((-7)/21). Let a = p - -36. What is the tens digit of a?
2
Suppose 0 = 4*u + 5*a + 2 + 3, 5*u - 3*a - 3 = 0. Suppose u = 2*j - 3*y - y + 8, -2*y - 12 = j. Let x = 28 - j. What is the tens digit of x?
3
Suppose 5*y - 152 = 88. Suppose -y = -s + 4*o, -2*s - 2*s = -3*o - 218. Suppose 5*h + 2*l - 55 = 0, 4*h - s + 15 = -l. What is the units digit of h?
9
Suppose -2*w - 6 = 0, -32*q - 2*w + 7984 = -30*q. What is the tens digit of q?
9
What is the tens digit of -3596*(-11)/176 + (-1)/(-4)?
2
Let r = 1109 - 595. What is the hundreds digit of r?
5
Let g(f) = -f + 7. Let v be g(7). Let z(q) = 2*q**2 - q + 51. What is the tens digit of z(v)?
5
Let o(a) = -a**3 + 19*a**2 - 10*a - 32. What is the tens digit of o(18)?
1
Let u(f) = 11*f**2 - f + 2. Let c be 11/(22/12) + -5. What is the tens digit of u(c)?
1
Let v(i) = 66*i - 18. Suppose 0 = 5*a + 29 - 49. What is the units digit of v(a)?
6
Let u = -17 + 20. Suppose 2*v = 5*d + 6, 2*v - d - 15 = -u*v. Suppose v*m = -0*m + 4*z + 68, -m - z = -25. What is the units digit of m?
4
Let v(p) = -p + 4. Let f be v(4). Suppose f = 3*n - 8*n. Suppose n = 5*q - 30 - 160. What is the units digit of q?
8
Suppose 4*m - 3*v - 45 = -19, -4*m + 5*v = -22. Suppose m*q - 916 - 428 = 0. What is the hundreds digit of q?
1
Let w(t) be the first derivative of 5*t**2 - 54*t - 18. What is the tens digit of w(21)?
5
Let u(v) = -4*v**2 - 8*v - 19. Let j(l) = -5*l**2 - 7*l - 19. Let c(n) = 5*j(n) - 6*u(n). What is the units digit of c(14)?
5
Let g = 54 + -52. What is the units digit of (-10)/4*((-294)/15 + g)?
4
Suppose -114*b = -101*b - 17550. What is the tens digit of b?
5
Suppose 3*s - 204 - 51 = 0. Let p = 157 + s. What is the units digit of p?
2
Let r be 2/3 - (-17)/(-3). Let v(c) = 5*c**2 - c + 3. Let a(t) = 6*t**2 + 3. Let d(s) = -6*a(s) + 7*v(s). What is the tens digit of d(r)?
1
Let c(l) = l**3 + 4*l**2 - 13*l - 2. Let y be c(-6). Suppose 555 = 3*g - y*u, -4*g - u + 753 = -2*u. What is the hundreds digit of g?
1
Suppose 9*q + 23 = 59. Suppose q*o - 6*o = -424. What is the units digit of o?
2
What is the tens digit of (4544/6)/(6/9)?
3
Suppose -6*l = -2*z - l + 85, -2*l = 2. Suppose -z = -2*f + 76. What is the units digit of f?
8
Let k(t) = 6*t**3 - 5*t**3 - 5*t**2 - 2*t**2 + 17 - 6*t. What is the units digit of k(8)?
3
Let p be (-34)/119 + 709*(-1)/(-7). Let j = p - 65. What is the tens digit of j?
3
Suppose -m - 2*c = -219, -642 = 3*m - 6*m - c. What is the units digit of m?
3
Suppose -72*f - 10339 = -79*f. What is the tens digit of f?
7
Let f be 187/55 - (-2)/(-5). Let v(n) = -10*n - 50. Let i(t) = -3*t - 17. Let x(z) = f*v(z) - 8*i(z). What is the tens digit of x(-10)?
4
Let f = 350 + -287. Suppose -4*b - 14 - 90 = 0. Let j = b + f. What is the units digit of j?
7
Let j(w) be the third derivative of 5*w**4/4 + w**3/6 + 2*w**2. What is the tens digit of j(2)?
6
Let f(o) be the third derivative of o**5/30 + 5*o**4/12 + 2*o**3/3 + 22*o**2. What is the units digit of f(-11)?
6
Let z = 10 + -10. Suppose -2*v - 5*y = -230, 2*v - 2*y = -z*y + 258. What is the units digit of v?
5
Let b be (-1 - 1)/((-62)/4309). Let a(w) = -79*w**2 + 1. Let u be a(1). Let m = u + b. What is the tens digit of m?
6
Let k = 7 - 10. Suppose 0 = -64*h - 9695 - 29281. What is the tens digit of h/(-35) - k/5?
1
Let h = -1487 + 3388. What is the tens digit of h?
0
Suppose -2*m + 4*m + 3*w = -37, -46 = 3*m - 5*w. Let r = 16 - m. What is the tens digit of r?
3
Let l be 2*(-2)/(-4) + 5. Let j be l*(-5)/((-45)/6). Suppose -j*v - 2 + 102 = 0. What is the units digit of v?
5
Let y(l) = l**3 - 4*l**2 - l + 6. Let a be y(3). What is the units digit of 2232/48 - a/4?
8
Let q(y) be the second derivative of y**4/12 - 5*y**3/6 - 4*y**2 + 2*y. Let w be q(11). Let x = -32 + w. What is the tens digit of x?
2
Suppose -t = 2*o + 2*t + 5, -5*o - t + 7 = 0. Suppose 4*z + 44 = -3*q, -5*z - o*q = 3*q + 60. What is the units digit of (-10 + 3)*z/28?
2
Suppose m - 2*m + 5*d = 20, -16 = -4*m - 4*d. Suppose 3*a - x = 3*x - 10, -5*a + 4*x - 6 = m. Suppose 3*y - a*y - 46 = 0. What is the tens 